{"id":15103,"date":"2024-11-14T06:25:14","date_gmt":"2024-11-14T05:25:05","guid":{"rendered":"https:\/\/fgh.livewelt-digital.de\/ueber-unsere-schule-2\/beratungsangebote"},"modified":"2026-02-04T09:00:32","modified_gmt":"2026-02-04T08:00:32","slug":"beratungsangebote","status":"publish","type":"page","link":"https:\/\/www.fgh-online.de\/en\/angebot-und-aktivitaeten\/beratungsangebote","title":{"rendered":"Psycho-soziale Beratung \/ Schulsozialarbeit"},"content":{"rendered":"<div data-elementor-type=\"wp-page\" data-elementor-id=\"15103\" class=\"elementor elementor-15103\" data-elementor-post-type=\"page\">\n\t\t\t\t<div class=\"elementor-element elementor-element-2d92c32a e-flex e-con-boxed e-con e-parent\" data-id=\"2d92c32a\" data-element_type=\"container\">\n\t\t\t\t\t<div class=\"e-con-inner\">\n\t\t<div class=\"elementor-element elementor-element-e7aa68d e-con-full e-flex e-con e-child\" data-id=\"e7aa68d\" data-element_type=\"container\">\n\t\t\t\t<div class=\"elementor-element elementor-element-1f5baec5 rounded-tilt shadow  elementor-invisible elementor-widget elementor-widget-image\" data-id=\"1f5baec5\" data-element_type=\"widget\" data-settings=\"{&quot;_animation&quot;:&quot;fadeInLeft&quot;}\" data-widget_type=\"image.default\">\n\t\t\t\t<div class=\"elementor-widget-container\">\n\t\t\t\t\t<span id=\"1f5baec5\"><\/span>\t\t\t\t\t\t\t\t\t\t<img fetchpriority=\"high\" decoding=\"async\" width=\"768\" height=\"1024\" src=\"https:\/\/www.fgh-online.de\/wp-content\/uploads\/2025\/09\/2025-Beratung-Bliege-768x1024.jpeg\" class=\"attachment-large size-large wp-image-21090\" alt=\"\" srcset=\"https:\/\/www.fgh-online.de\/wp-content\/uploads\/2025\/09\/2025-Beratung-Bliege-768x1024.jpeg 768w, https:\/\/www.fgh-online.de\/wp-content\/uploads\/2025\/09\/2025-Beratung-Bliege-225x300.jpeg 225w, https:\/\/www.fgh-online.de\/wp-content\/uploads\/2025\/09\/2025-Beratung-Bliege-112x150.jpeg 112w, https:\/\/www.fgh-online.de\/wp-content\/uploads\/2025\/09\/2025-Beratung-Bliege-1152x1536.jpeg 1152w, https:\/\/www.fgh-online.de\/wp-content\/uploads\/2025\/09\/2025-Beratung-Bliege-9x12.jpeg 9w, https:\/\/www.fgh-online.de\/wp-content\/uploads\/2025\/09\/2025-Beratung-Bliege.jpeg 1162w\" sizes=\"(max-width: 768px) 100vw, 768px\" \/>\t\t\t\t\t\t\t\t\t\t\t\t\t\t\t<\/div>\n\t\t\t\t<\/div>\n\t\t\t\t<\/div>\n\t\t<div class=\"elementor-element elementor-element-3eaef994 e-con-full e-flex e-con e-child\" data-id=\"3eaef994\" data-element_type=\"container\">\n\t\t\t\t<div class=\"elementor-element elementor-element-19cb6afd rounded-tilt shadow  elementor-invisible elementor-widget elementor-widget-image\" data-id=\"19cb6afd\" data-element_type=\"widget\" data-settings=\"{&quot;_animation&quot;:&quot;fadeInLeft&quot;}\" data-widget_type=\"image.default\">\n\t\t\t\t<div class=\"elementor-widget-container\">\n\t\t\t\t\t<span id=\"19cb6afd\"><\/span>\t\t\t\t\t\t\t\t\t\t<img decoding=\"async\" width=\"768\" height=\"1024\" src=\"https:\/\/www.fgh-online.de\/wp-content\/uploads\/2025\/09\/2025-Beratung-Benz-768x1024.jpeg\" class=\"attachment-large size-large wp-image-21089\" alt=\"\" srcset=\"https:\/\/www.fgh-online.de\/wp-content\/uploads\/2025\/09\/2025-Beratung-Benz-768x1024.jpeg 768w, https:\/\/www.fgh-online.de\/wp-content\/uploads\/2025\/09\/2025-Beratung-Benz-225x300.jpeg 225w, https:\/\/www.fgh-online.de\/wp-content\/uploads\/2025\/09\/2025-Beratung-Benz-112x150.jpeg 112w, https:\/\/www.fgh-online.de\/wp-content\/uploads\/2025\/09\/2025-Beratung-Benz-9x12.jpeg 9w, https:\/\/www.fgh-online.de\/wp-content\/uploads\/2025\/09\/2025-Beratung-Benz.jpeg 1138w\" sizes=\"(max-width: 768px) 100vw, 768px\" \/>\t\t\t\t\t\t\t\t\t\t\t\t\t\t\t<\/div>\n\t\t\t\t<\/div>\n\t\t\t\t<\/div>\n\t\t<div class=\"elementor-element elementor-element-557554f5 e-con-full e-flex e-con e-child\" data-id=\"557554f5\" data-element_type=\"container\">\n\t\t\t\t<div class=\"elementor-element elementor-element-3f5fa44 rounded-tilt shadow  elementor-invisible elementor-widget elementor-widget-image\" data-id=\"3f5fa44\" data-element_type=\"widget\" data-settings=\"{&quot;_animation&quot;:&quot;fadeInLeft&quot;}\" data-widget_type=\"image.default\">\n\t\t\t\t<div class=\"elementor-widget-container\">\n\t\t\t\t\t<span id=\"3f5fa44\"><\/span>\t\t\t\t\t\t\t\t\t\t<img decoding=\"async\" width=\"768\" height=\"1024\" src=\"https:\/\/www.fgh-online.de\/wp-content\/uploads\/2025\/11\/2025-Schulsozialarbeit-Tefz-768x1024.jpeg\" class=\"attachment-large size-large wp-image-21587\" alt=\"\" srcset=\"https:\/\/www.fgh-online.de\/wp-content\/uploads\/2025\/11\/2025-Schulsozialarbeit-Tefz-768x1024.jpeg 768w, https:\/\/www.fgh-online.de\/wp-content\/uploads\/2025\/11\/2025-Schulsozialarbeit-Tefz-225x300.jpeg 225w, https:\/\/www.fgh-online.de\/wp-content\/uploads\/2025\/11\/2025-Schulsozialarbeit-Tefz-113x150.jpeg 113w, https:\/\/www.fgh-online.de\/wp-content\/uploads\/2025\/11\/2025-Schulsozialarbeit-Tefz-9x12.jpeg 9w, https:\/\/www.fgh-online.de\/wp-content\/uploads\/2025\/11\/2025-Schulsozialarbeit-Tefz.jpeg 1137w\" sizes=\"(max-width: 768px) 100vw, 768px\" \/>\t\t\t\t\t\t\t\t\t\t\t\t\t\t\t<\/div>\n\t\t\t\t<\/div>\n\t\t\t\t<\/div>\n\t\t\t\t\t<\/div>\n\t\t\t\t<\/div>\n\t\t<div class=\"elementor-element elementor-element-7eab7f7 e-flex e-con-boxed e-con e-parent\" data-id=\"7eab7f7\" data-element_type=\"container\">\n\t\t\t\t\t<div class=\"e-con-inner\">\n\t\t\ufeff\t\t<div class=\"elementor-element elementor-element-5e86b876 elementor-invisible elementor-widget elementor-widget-text-editor\" data-id=\"5e86b876\" data-element_type=\"widget\" data-settings=\"{&quot;_animation&quot;:&quot;fadeInUp&quot;}\" data-widget_type=\"text-editor.default\">\n\t\t\t\t<div class=\"elementor-widget-container\">\n\t\t\t\t\t<span id=\"5e86b876\"><\/span>\t\t\t\t<p>Liebe Sch\u00fcler*innen,<\/p><p>wir hoffen und gehen davon aus, dass ihr euch an unserer Schule sehr wohl f\u00fchlt und gut zurecht kommt. Viele positive R\u00fcckmeldungen von anderen Sch\u00fcler*innen haben uns gezeigt, dass sie gern zum FGH gehen. Wenn aber doch einmal Probleme auftreten sollten, sind wir, Anja Bliege und Malte Benz, als Beratungslehrer vertrauensw\u00fcrdige und verschwiegene Ansprechpartner bei Konflikten, pers\u00f6nlichen Schwierigkeiten oder Krisen.<\/p><p>Unser Gespr\u00e4chsangebot richtet sich an Sch\u00fcler*innen, Eltern und Lehrkr\u00e4fte. Die\u00a0<strong>Anl\u00e4sse<\/strong>, einen Beratungslehrer aufzusuchen, k\u00f6nnen sehr unterschiedlich sein:<\/p><p><strong>Pers\u00f6nliche Schwierigkeiten<\/strong>, <strong>Konflikte<\/strong> mit Mitsch\u00fcler*innen, Lehrkr\u00e4ften oder Eltern, Lern- und\u00a0 <strong>Leistungshemmnisse<\/strong> oder <strong>Verhaltensauff\u00e4lligkeiten<\/strong>. Aber auch eigene <strong>Krisen<\/strong> oder <strong>Umgang mit Tod, Sterben und Trauer<\/strong> sind manchmal Aspekte im Leben eines jeden von uns, wo wir einen Ansprechpartner\/ eine Ansprechpartnerin ben\u00f6tigen. Scheut euch nicht uns anzusprechen.<\/p><p>Im intensiven, pers\u00f6nlichen\u00a0<strong>Gespr\u00e4ch<\/strong>\u00a0\u00fcber solche Probleme suchen wir mit dir gemeinsam nach neuen Sichtweisen, Entscheidungsgrundlagen und L\u00f6sungen. Selbstverst\u00e4ndlich unterliegen wir der\u00a0<strong>Schweigepflicht<\/strong>\u00a0f\u00fcr alle angesprochenen pers\u00f6nlichen Bereiche.<\/p><p>Auf Wunsch vermitteln wir auch\u00a0<strong>Kontakte zu weiteren Beratungsstellen<\/strong><strong>, z.B. der Regionalen Schulberatung, \u201eFemina Vita\u201c oder der Suchtberatung.<\/strong><\/p><p>Zu unseren weiteren Angeboten geh\u00f6ren bei Bedarf ein\u00a0<strong>Training zur Verbesserung der m\u00fcndlichen Mitarbeit<\/strong>\u00a0und ein\u00a0<strong>Projekttag zur Gewaltpr\u00e4vention<\/strong>\u00a0mit dem Schwerpunktthema Mobbing in den 6.\u00a0Klassen sowie die <strong>Betreuung der Sch\u00fclertutor*innen <\/strong>der 5. und 6. Klassen.<\/p><p>Au\u00dferdem findet ihr im Flur vor der Verwaltung neben dem Beratungsschaubild einen Prospektst\u00e4nder mit Informationsmaterialien und Flyern externer Partner, die ihr euch selbstverst\u00e4ndlich ganz anonym mitnehmen d\u00fcrft.<\/p><p>Sehr geehrte <strong>Eltern<\/strong>,<\/p><p>auch Sie k\u00f6nnen sich gerne an uns wenden. Sprechen Sie uns einfach an oder schreiben Sie uns eine E-Mail, falls Gespr\u00e4chsbedarf besteht.<\/p><p><strong>Erreichbarkeit<\/strong>:<\/p><p>T\u00e4glich in den Pausen im Lehrerzimmer, \u00fcber das Sekretariat (189-3660), per E-Mail oder in Raum 22.<\/p><p>Au\u00dferdem gibt es im 1. Halbjahr des Schuljahres 2025\/2026 immer Dienstags in der 7.\u00a0 Std. das Angebot einer <strong>offenen Sprechstunde <\/strong>(bitte vorher per Mail anmelden).<\/p><p><strong>Mail-Adressen<\/strong>:<\/p><p>beratung.benz@fgh-online.de<\/p><p>beratung.bliege@fgh-online.de<\/p><p>Ich, <strong>Kristina Trefz<\/strong>, bin <strong>Schulsozialarbeiterin<\/strong> am Friedrichs-Gymnasium und auch Teil des Beratungsteams. Ihr findet mich donnerstags den ganzen Tag direkt hier vor Ort. Es sind zus\u00e4tzliche Termine nach Vereinbarung m\u00f6glich.\u00a0<\/p><p>Als Schulsozialarbeiterin habe ich eine besondere Rolle: ich bin keine Lehrkraft, sondern f\u00fcr die Beratung und Unterst\u00fctzung f\u00fcr Sch\u00fcler und Sch\u00fclerinnen da. Ich bin unabh\u00e4ngig vom Unterrichtsgeschehen \u2013 das erm\u00f6glicht eine andere Perspektive und mehr Raum f\u00fcr deine Anliegen. Ihr k\u00f6nnt mit allen Themen zu mir kommen, die euch besch\u00e4ftigen- sei es Stress in der Schule, \u00c4rger zu Hause, Konflikte mit Freund*innen, Sorgen oder einfach das Bed\u00fcrfnis, mal mit jemandem zu reden. Gemeinsam suchen wir nach passenden L\u00f6sungen und Wegen. Wenn n\u00f6tig, kann ich Kontakte zu anderen (Beratungs-) stellen und weiterf\u00fchrenden Hilfen vermitteln. Unsere Gespr\u00e4che sind vertraulich. Alles, was wir besprechen, bleibt privat, soweit nichts Anderes ausdr\u00fccklich vereinbart wird.<\/p><p>Nicht nur Sch\u00fclerinnen und Sch\u00fcler k\u00f6nnen zu mir kommen, auch Eltern und Lehrkr\u00e4fte sind herzlich eingeladen.<\/p><p><strong>Erreichbarkeit:<\/strong><\/p><ul><li>Vor Ort an der Schule am Donnerstag<\/li><li>Per E-Mail: <a href=\"mailto:kristina.trefz@herford.de\">kristina.trefz@herford.de<\/a><\/li><li>Telefonisch: 0171 142 9939<\/li><\/ul>\t\t\t\t\t\t\t\t<\/div>\n\t\t\t\t<\/div>\n\t\t\t\t\t<\/div>\n\t\t\t\t<\/div>\n\t\t<div class=\"elementor-element elementor-element-fc93a34 e-flex e-con-boxed e-con e-parent\" data-id=\"fc93a34\" data-element_type=\"container\">\n\t\t\t\t\t<div class=\"e-con-inner\">\n\t\t\t\t\t<\/div>\n\t\t\t\t<\/div>\n\t\t\t\t<\/div>","protected":false},"excerpt":{"rendered":"<p>Liebe Sch\u00fcler*innen, wir hoffen und gehen davon aus, dass ihr euch an unserer Schule sehr wohl f\u00fchlt und gut zurecht kommt. Viele positive R\u00fcckmeldungen von anderen Sch\u00fcler*innen haben uns gezeigt, dass sie gern zum FGH gehen. Wenn aber doch einmal Probleme auftreten sollten, sind wir, Anja Bliege und Malte Benz, als Beratungslehrer vertrauensw\u00fcrdige und verschwiegene [&hellip;]<\/p>\n","protected":false},"author":15,"featured_media":0,"parent":15118,"menu_order":0,"comment_status":"closed","ping_status":"closed","template":"","meta":{"_acf_changed":false,"footnotes":""},"class_list":["post-15103","page","type-page","status-publish","hentry"],"acf":[],"_links":{"self":[{"href":"https:\/\/www.fgh-online.de\/en\/wp-json\/wp\/v2\/pages\/15103","targetHints":{"allow":["GET"]}}],"collection":[{"href":"https:\/\/www.fgh-online.de\/en\/wp-json\/wp\/v2\/pages"}],"about":[{"href":"https:\/\/www.fgh-online.de\/en\/wp-json\/wp\/v2\/types\/page"}],"author":[{"embeddable":true,"href":"https:\/\/www.fgh-online.de\/en\/wp-json\/wp\/v2\/users\/15"}],"replies":[{"embeddable":true,"href":"https:\/\/www.fgh-online.de\/en\/wp-json\/wp\/v2\/comments?post=15103"}],"version-history":[{"count":25,"href":"https:\/\/www.fgh-online.de\/en\/wp-json\/wp\/v2\/pages\/15103\/revisions"}],"predecessor-version":[{"id":22720,"href":"https:\/\/www.fgh-online.de\/en\/wp-json\/wp\/v2\/pages\/15103\/revisions\/22720"}],"up":[{"embeddable":true,"href":"https:\/\/www.fgh-online.de\/en\/wp-json\/wp\/v2\/pages\/15118"}],"wp:attachment":[{"href":"https:\/\/www.fgh-online.de\/en\/wp-json\/wp\/v2\/media?parent=15103"}],"curies":[{"name":"wp","href":"https:\/\/api.w.org\/{rel}","templated":true}]}}

<div data-elementor-type="wp-page" data-elementor-id="15103" class="elementor elementor-15103" data-elementor-post-type="page">
				<div class="elementor-element elementor-element-2d92c32a e-flex e-con-boxed e-con e-parent" data-id="2d92c32a" data-element_type="container">
					<div class="e-con-inner">
		<div class="elementor-element elementor-element-e7aa68d e-con-full e-flex e-con e-child" data-id="e7aa68d" data-element_type="container">
				<div class="elementor-element elementor-element-1f5baec5 rounded-tilt shadow  elementor-invisible elementor-widget elementor-widget-image" data-id="1f5baec5" data-element_type="widget" data-settings="{&quot;_animation&quot;:&quot;fadeInLeft&quot;}" data-widget_type="image.default">
				<div class="elementor-widget-container">
					<span id="1f5baec5"></span>										<img fetchpriority="high" decoding="async" width="768" height="1024" src="https://www.fgh-online.de/wp-content/uploads/2025/09/2025-Beratung-Bliege-768x1024.jpeg" class="attachment-large size-large wp-image-21090" alt="" srcset="https://www.fgh-online.de/wp-content/uploads/2025/09/2025-Beratung-Bliege-768x1024.jpeg 768w, https://www.fgh-online.de/wp-content/uploads/2025/09/2025-Beratung-Bliege-225x300.jpeg 225w, https://www.fgh-online.de/wp-content/uploads/2025/09/2025-Beratung-Bliege-112x150.jpeg 112w, https://www.fgh-online.de/wp-content/uploads/2025/09/2025-Beratung-Bliege-1152x1536.jpeg 1152w, https://www.fgh-online.de/wp-content/uploads/2025/09/2025-Beratung-Bliege-9x12.jpeg 9w, https://www.fgh-online.de/wp-content/uploads/2025/09/2025-Beratung-Bliege.jpeg 1162w" sizes="(max-width: 768px) 100vw, 768px" />															</div>
				</div>
				</div>
		<div class="elementor-element elementor-element-3eaef994 e-con-full e-flex e-con e-child" data-id="3eaef994" data-element_type="container">
				<div class="elementor-element elementor-element-19cb6afd rounded-tilt shadow  elementor-invisible elementor-widget elementor-widget-image" data-id="19cb6afd" data-element_type="widget" data-settings="{&quot;_animation&quot;:&quot;fadeInLeft&quot;}" data-widget_type="image.default">
				<div class="elementor-widget-container">
					<span id="19cb6afd"></span>										<img decoding="async" width="768" height="1024" src="https://www.fgh-online.de/wp-content/uploads/2025/09/2025-Beratung-Benz-768x1024.jpeg" class="attachment-large size-large wp-image-21089" alt="" srcset="https://www.fgh-online.de/wp-content/uploads/2025/09/2025-Beratung-Benz-768x1024.jpeg 768w, https://www.fgh-online.de/wp-content/uploads/2025/09/2025-Beratung-Benz-225x300.jpeg 225w, https://www.fgh-online.de/wp-content/uploads/2025/09/2025-Beratung-Benz-112x150.jpeg 112w, https://www.fgh-online.de/wp-content/uploads/2025/09/2025-Beratung-Benz-9x12.jpeg 9w, https://www.fgh-online.de/wp-content/uploads/2025/09/2025-Beratung-Benz.jpeg 1138w" sizes="(max-width: 768px) 100vw, 768px" />															</div>
				</div>
				</div>
		<div class="elementor-element elementor-element-557554f5 e-con-full e-flex e-con e-child" data-id="557554f5" data-element_type="container">
				<div class="elementor-element elementor-element-3f5fa44 rounded-tilt shadow  elementor-invisible elementor-widget elementor-widget-image" data-id="3f5fa44" data-element_type="widget" data-settings="{&quot;_animation&quot;:&quot;fadeInLeft&quot;}" data-widget_type="image.default">
				<div class="elementor-widget-container">
					<span id="3f5fa44"></span>										<img decoding="async" width="768" height="1024" src="https://www.fgh-online.de/wp-content/uploads/2025/11/2025-Schulsozialarbeit-Tefz-768x1024.jpeg" class="attachment-large size-large wp-image-21587" alt="" srcset="https://www.fgh-online.de/wp-content/uploads/2025/11/2025-Schulsozialarbeit-Tefz-768x1024.jpeg 768w, https://www.fgh-online.de/wp-content/uploads/2025/11/2025-Schulsozialarbeit-Tefz-225x300.jpeg 225w, https://www.fgh-online.de/wp-content/uploads/2025/11/2025-Schulsozialarbeit-Tefz-113x150.jpeg 113w, https://www.fgh-online.de/wp-content/uploads/2025/11/2025-Schulsozialarbeit-Tefz-9x12.jpeg 9w, https://www.fgh-online.de/wp-content/uploads/2025/11/2025-Schulsozialarbeit-Tefz.jpeg 1137w" sizes="(max-width: 768px) 100vw, 768px" />															</div>
				</div>
				</div>
					</div>
				</div>
		<div class="elementor-element elementor-element-7eab7f7 e-flex e-con-boxed e-con e-parent" data-id="7eab7f7" data-element_type="container">
					<div class="e-con-inner">
		﻿		<div class="elementor-element elementor-element-5e86b876 elementor-invisible elementor-widget elementor-widget-text-editor" data-id="5e86b876" data-element_type="widget" data-settings="{&quot;_animation&quot;:&quot;fadeInUp&quot;}" data-widget_type="text-editor.default">
				<div class="elementor-widget-container">
					<span id="5e86b876"></span>				<p>Liebe Schüler*innen,</p><p>wir hoffen und gehen davon aus, dass ihr euch an unserer Schule sehr wohl fühlt und gut zurecht kommt. Viele positive Rückmeldungen von anderen Schüler*innen haben uns gezeigt, dass sie gern zum FGH gehen. Wenn aber doch einmal Probleme auftreten sollten, sind wir, Anja Bliege und Malte Benz, als Beratungslehrer vertrauenswürdige und verschwiegene Ansprechpartner bei Konflikten, persönlichen Schwierigkeiten oder Krisen.</p><p>Unser Gesprächsangebot richtet sich an Schüler*innen, Eltern und Lehrkräfte. Die <strong>Anlässe</strong>, einen Beratungslehrer aufzusuchen, können sehr unterschiedlich sein:</p><p><strong>Persönliche Schwierigkeiten</strong>, <strong>Konflikte</strong> mit Mitschüler*innen, Lehrkräften oder Eltern, Lern- und  <strong>Leistungshemmnisse</strong> oder <strong>Verhaltensauffälligkeiten</strong>. Aber auch eigene <strong>Krisen</strong> oder <strong>Umgang mit Tod, Sterben und Trauer</strong> sind manchmal Aspekte im Leben eines jeden von uns, wo wir einen Ansprechpartner/ eine Ansprechpartnerin benötigen. Scheut euch nicht uns anzusprechen.</p><p>Im intensiven, persönlichen <strong>Gespräch</strong> über solche Probleme suchen wir mit dir gemeinsam nach neuen Sichtweisen, Entscheidungsgrundlagen und Lösungen. Selbstverständlich unterliegen wir der <strong>Schweigepflicht</strong> für alle angesprochenen persönlichen Bereiche.</p><p>Auf Wunsch vermitteln wir auch <strong>Kontakte zu weiteren Beratungsstellen</strong><strong>, z.B. der Regionalen Schulberatung, „Femina Vita“ oder der Suchtberatung.</strong></p><p>Zu unseren weiteren Angeboten gehören bei Bedarf ein <strong>Training zur Verbesserung der mündlichen Mitarbeit</strong> und ein <strong>Projekttag zur Gewaltprävention</strong> mit dem Schwerpunktthema Mobbing in den 6. Klassen sowie die <strong>Betreuung der Schülertutor*innen </strong>der 5. und 6. Klassen.</p><p>Außerdem findet ihr im Flur vor der Verwaltung neben dem Beratungsschaubild einen Prospektständer mit Informationsmaterialien und Flyern externer Partner, die ihr euch selbstverständlich ganz anonym mitnehmen dürft.</p><p>Sehr geehrte <strong>Eltern</strong>,</p><p>auch Sie können sich gerne an uns wenden. Sprechen Sie uns einfach an oder schreiben Sie uns eine E-Mail, falls Gesprächsbedarf besteht.</p><p><strong>Erreichbarkeit</strong>:</p><p>Täglich in den Pausen im Lehrerzimmer, über das Sekretariat (189-3660), per E-Mail oder in Raum 22.</p><p>Außerdem gibt es im 1. Halbjahr des Schuljahres 2025/2026 immer Dienstags in der 7.  Std. das Angebot einer <strong>offenen Sprechstunde </strong>(bitte vorher per Mail anmelden).</p><p><strong>Mail-Adressen</strong>:</p><p>beratung.benz@fgh-online.de</p><p>beratung.bliege@fgh-online.de</p><p>Ich, <strong>Kristina Trefz</strong>, bin <strong>Schulsozialarbeiterin</strong> am Friedrichs-Gymnasium und auch Teil des Beratungsteams. Ihr findet mich donnerstags den ganzen Tag direkt hier vor Ort. Es sind zusätzliche Termine nach Vereinbarung möglich. </p><p>Als Schulsozialarbeiterin habe ich eine besondere Rolle: ich bin keine Lehrkraft, sondern für die Beratung und Unterstützung für Schüler und Schülerinnen da. Ich bin unabhängig vom Unterrichtsgeschehen – das ermöglicht eine andere Perspektive und mehr Raum für deine Anliegen. Ihr könnt mit allen Themen zu mir kommen, die euch beschäftigen- sei es Stress in der Schule, Ärger zu Hause, Konflikte mit Freund*innen, Sorgen oder einfach das Bedürfnis, mal mit jemandem zu reden. Gemeinsam suchen wir nach passenden Lösungen und Wegen. Wenn nötig, kann ich Kontakte zu anderen (Beratungs-) stellen und weiterführenden Hilfen vermitteln. Unsere Gespräche sind vertraulich. Alles, was wir besprechen, bleibt privat, soweit nichts Anderes ausdrücklich vereinbart wird.</p><p>Nicht nur Schülerinnen und Schüler können zu mir kommen, auch Eltern und Lehrkräfte sind herzlich eingeladen.</p><p><strong>Erreichbarkeit:</strong></p><ul><li>Vor Ort an der Schule am Donnerstag</li><li>Per E-Mail: <a href="mailto:kristina.trefz@herford.de">kristina.trefz@herford.de</a></li><li>Telefonisch: 0171 142 9939</li></ul>								</div>
				</div>
					</div>
				</div>
		<div class="elementor-element elementor-element-fc93a34 e-flex e-con-boxed e-con e-parent" data-id="fc93a34" data-element_type="container">
					<div class="e-con-inner">
					</div>
				</div>
				</div>

<p>Liebe Schüler*innen, wir hoffen und gehen davon aus, dass ihr euch an unserer Schule sehr wohl fühlt und gut zurecht kommt. Viele positive Rückmeldungen von anderen Schüler*innen haben uns gezeigt, dass sie gern zum FGH gehen. Wenn aber doch einmal Probleme auftreten sollten, sind wir, Anja Bliege und Malte Benz, als Beratungslehrer vertrauenswürdige und verschwiegene [&hellip;]</p>
